4)/80). Calculate b(m).
-2
Let v(f) = -f - 2. Let t be v(-4). Let b(o) = 2*o + 5*o**3 + t*o**2 - 2*o**2 + 2*o**3 + 1. Give b(-1).
-8
Let f(l) be the third derivative of 7/60*l**5 - 4*l**2 + 5/6*l**3 + 0 - 1/120*l**6 + 0*l - 7/24*l**4. What is f(6)?
-1
Let a(n) = n**2 - 2*n + 8. Let q(x) = -x**2 + 3*x - 9. Let y(o) = 4*a(o) + 3*q(o). What is y(0)?
5
Suppose 2*k = -5*p + 16, 3 = p - 3*k + 10. Let a = -35 - -38. Let o(t) = p*t**a - 3 - t**3 + 1 - 3*t**2 + 3. What is o(2)?
-3
Let y = -9 - -6. Suppose 2*g - 2*h - 2 = 4, 2*h = -3*g - 6. Let q(s) = -1 - 3 + s + g. Determine q(y).
-7
Let r(w) = 2*w - 9. Let s = 9 + -3. Let i(g) = -g**2 + 6*g + 6. Let v be i(s). Calculate r(v).
3
Let l(j) = -j - 6*j**2 + 3*j**2 + 4*j**2 + 0*j**2 - 5. Calculate l(5).
15
Let k(u) = u**2 - 3*u - 3. Let s be (-2)/4 + (-45)/10. Let r be (5/(-1))/(4 + s). Calculate k(r).
7
Let x = -6 + 1. Let y(l) = l**2 - l**3 - l**2 + 2*l**2 + 5*l**2 + 2 + 3*l. Let o(f) = -3*f**3 + 15*f**2 + 7*f + 5. Let c(k) = -2*o(k) + 5*y(k). What is c(x)?
-5
Let p(g) = 5*g**2 + 3*g + 17. Let m(v) be the second derivative of v**4/6 + v**3/6 + 4*v**2 + 2*v. Let x(o) = -7*m(o) + 3*p(o). Give x(-4).
3
Let l be 2*1/(-4)*0. Let o = -5 - l. Let z(r) = -r - 1. Determine z(o).
4
Let p(j) = -j - 2. Let m = -7 - -7. Suppose -4*h = -16, 2*c - 22 = -3*h - m*h. What is p(c)?
-7
Let x(v) = 3*v**2 - 5*v + 4. Let z be x(2). Let d(y) = -12*y + 3 + 15*y - z*y. Determine d(3).
-6
Let j(m) be the third derivative of m**4/24 - 13*m**3/6 + 9*m**2. Let a be j(10). Let g(i) = i + 3. What is g(a)?
0
Let v(s) = s**3 - s**2 - s + 3. Suppose 4*r = 11 + 1. Suppose -3*i = 4*j + 4, -i = -6*i + r*j + 3. Give v(i).
3
Let j(d) = d**2 - 13. Let a be j(4). Let g(m) = m**2 + m - 3. What is g(a)?
9
Let h(j) = 8*j**2 + 18. Let y(m) = 3*m**2 + 6. Suppose 4*a = 8, -4*t + 0*a + 52 = -2*a. Let g = 25 - t. Let z(l) = g*y(l) - 4*h(l). Determine z(0).
-6
Let a(y) = 3 + 2*y - 6*y**2 + y**2 + 0*y**3 - y**3. Let h = -4 + -1. Calculate a(h).
-7
Suppose r = 4 - 2. Let d(f) = -6*f + 3. Give d(r).
-9
Let h = 3 - 8. Let y(g) = g**3 + 0 - 6*g + 4*g**2 - 2 + g - 1. What is y(h)?
-3
Let n(t) = t**2 + 7*t + 5. Let a(z) = -2*z**2 - 15*z - 11. Let b(w) = 6*a(w) + 13*n(w). Give b(-2).
1
Let q(p) = -5*p**2 + p + 4. Let z(h) = -14*h**2 + 3*h + 12. Let d(j) = 11*q(j) - 4*z(j). Give d(5).
16
Let k(x) = -x**3 + 4*x**2 + 5*x. Let s be k(5). Let i(z) be the second derivative of -z**3/6 + 2*z**2 + 13*z. Calculate i(s).
4
Let w = 0 - -1. Let b = w + 0. Let i be 1/(1*b/(-5)). Let s(t) = t**2 + 4*t - 7. Determine s(i).
-2
Suppose 5*k - 4*v - 14 = 2, 9 = 2*k + v. Suppose 0 = -h + t + 4 - 7, -h - 13 = k*t. Let m(c) = c. Let r(n) = 1. Let g(u) = -m(u) - 3*r(u). What is g(h)?
2
Let b(n) be the third derivative of n**5/60 - n**4/24 - n**3/6 - 3*n**2. Suppose -4*x = z - 2 + 6, -2*z = -x - 1. Suppose z = -q - q. What is b(q)?
-1
Let s be (-2)/(-7) - 44/7. Let q(h) be the second derivative of -h**3/2 - 7*h**2/2 - h - 1. Give q(s).
11
Let r(p) be the first derivative of -p**4 - p**3/3 - p**2/2 - p - 12. Determine r(-1).
3
Suppose 2 = -4*z - 6. Let t(s) be the first derivative of -s**4/2 - 2*s**3/3 - 3*s**2/2 - 3*s + 2. Give t(z).
11
Let m(v) = -1 - 3*v + 5 + v**3 + 0*v - 2. Let a be m(2). Let w(u) = -2 + 2 - u - 5. What is w(a)?
-9
Suppose 4*m + 20 = -0. Let s be (-2)/m - (-7)/(-5). Let c(d) = -6*d + 1. Determine c(s).
7
Let r(h) = 5*h + 1. Let v(m) = 4*m + 1. Let o(d) = -3*r(d) + 4*v(d). Suppose 22 = -2*c + 2*u, -5*u + 13 = 2*c - 0. Let s be 4/(-12) - c/(-9). What is o(s)?
0
Let q(h) = h**2 + 0*h**2 - 5*h - 347 + 351. Let m = -1 - -4. Give q(m).
-2
Let f(z) = -12 + 3*z - 6 + 16. Suppose 2*r - 10 = -0. Give f(r).
13
Let t be (-8)/(-28) + 69/(-21). Let a(l) = 3*l + 2. Determine a(t).
-7
Let z(q) = -q - 6. Let f be z(-8). Let u(x) = -2*x**3 + 4*x**2 - x - 2. Give u(f).
-4
Let g be (5/(-10))/(3*3/144). Let v(l) = -l**3 - 9*l**2 - 8*l. Calculate v(g).
0
Let h(z) = -z**2 - 5*z - 5. Let c be (2/3)/((-6)/72). Let j = 4 + c. Determine h(j).
-1
Let g(l) = 43*l**2 - 32*l**2 - 21*l**2 + 1. Calculate g(-1).
-9
Let s(g) = -g**2 - g - 13. Suppose o = 4*j + 2, 4*j - 3*o + 10 = 2*o. Determine s(j).
-13
Let j(b) = b**2 - b - 3 - b**3 + 0*b**3 + 3. Suppose a = -a. Suppose a = -r - 5*f + 22, 0*r = -3*r + 3*f - 6. Calculate j(r).
-6
Let z(q) = 19 - 42 + q - 5*q + 32. Determine z(6).
-15
Let m be 6/8 - 3/(-12). Let j(s) = -5 + m + s - 3. Suppose -2*f = 3*f, 3*n = -2*f. Calculate j(n).
-7
Let c(s) be the second derivative of -1/2*s**3 + 0 + 0*s**2 - 2*s. Let m be 2/(-2)*-1 - -2. Calculate c(m).
-9
Suppose 0 = -s - 4*n + 11, -4*n = -n - 6. Let k(l) = l**3 - 3*l**2 - l + 1. Calculate k(s).
-2
Let t(z) = 12*z - 3. Let o(g) = -11*g + 2. Let b(l) = -4*o(l) - 3*t(l). Determine b(1).
9
Let f(t) be the second derivative of t**5/20 - t**4/2 + 5*t**3/6 - t**2/2 + t. Let a(p) = -3*p - 2. Let l be a(3). Let x = 16 + l. Determine f(x).
-1
Let o(s) be the first derivative of -11*s**4/4 + 2*s**3 + 10*s**2 + 14*s + 7. Let v(r) = 4*r**3 - 2*r**2 - 7*r - 5. Let f(d) = 3*o(d) + 8*v(d). What is f(-2)?
10
Let w(x) = 5*x + 10. Let u = -12 - -19. Let o(g) = -3*g - 7. Let q(z) = u*o(z) + 5*w(z). Give q(1).
5
Let c(q) = q - 3 + 0*q**2 + q**2 + q + 0*q**2. Suppose -1 = i - 0*i. Let j = -5 - i. Calculate c(j).
5
Let i(z) = -4*z**2 - z - 1. Let l(y) = y**3 - 2*y. Suppose 4*p = -0 + 8. Let n be l(p). Let a be 1/(-3)*(n - 1). Determine i(a).
-4
Let d(y) = -y + 6. Let t be d(6). Let w(u) = u**2 - 10. What is w(t)?
-10
Suppose -3*f - 4*x + 6 = 1, 2*f = 2*x + 8. Let u(t) = t + 2*t + f*t**2 + 2 - 2*t**2. Calculate u(-4).
6
Let a(q) = q**2 + 2*q - 2. Let w = -41 + 36. What is a(w)?
13
Let g(a) be the second derivative of 3*a**5/20 - a**4/6 - a**3/6 + a**2/2 + 2*a + 8. Calculate g(2).
15
Let d(t) = 2 + 2*t - 5 - 2. Let c be ((-55)/165)/(2 - 62/30). Determine d(c).
5
Let c(u) be the first derivative of -u**3/3 + 5*u**2/2 - u + 25. Calculate c(4).
3
Let g(j) = j**3 + 5*j**2 + 4*j + 5. Let f = -1 + -1. Let r be 4*(f - 10/(-4)). Let o be (-1 + 2)*-2 - r. Give g(o).
5
Let i(b) be the second derivative of -7*b**5/20 + 5*b. Give i(1).
-7
Let z be (-5)/(245/(-413)) - 3/7. Let b(w) = -w - 1. Give b(z).
-9
Let g(q) = -3*q + 1. Let s be g(2). Let z = 1 + s. Let k(j) = 9*j + 8 - 4*j - 3 + j**2. Determine k(z).
1
Let w(f) = f**3 + 8*f**2 + 8*f - 1. Let h be w(-7). Let a = h - -7. Let y(b) = 2*b**3 + b**2 + b + 1. Calculate y(a).
-1
Let v(n) = n**2 + n + 6. Let z(y) = -y**3 + 2*y**2 + 3*y. Suppose -4*c + 24 + 4 = 0. Let j = c + -4. Let l be z(j). Calculate v(l).
6
Let o be 0 - (-8)/12 - 2/(-6). Let m(n) = -7*n**2 + 2*n - 1. Give m(o).
-6
Let n = -50 - -41. Let z(j) = -j - 3. Calculate z(n).
6
Let i(y) = 2*y + 1. Let p(j) = j**2 - 2*j + 2. Let w(d) = -2*d**3 - d**2 - 2*d - 1. Let x be w(-1). Let a be p(x). Calculate i(a).
5
Let b(v) be the first derivative of v**3/3 - 5*v**2/2 - 10. Calculate b(4).
-4
Let i(d) = 15*d + 1 - 5*d - 13*d. Determine i(-1).
4
Let x(z) = z**2 - z + 16. Let m(p) = 2*p**2 - 2*p + 31. Let j(t) = 4*m(t) - 7*x(t). Determine j(0).
12
Let d(z) = -5*z**3 - 2*z**2 - 5*z + 4. Let o(n) = n**3 - n**2 + n. Let i(y) = -d(y) - 4*o(y). Calculate i(-6).
-10
Let c(s) = -s**3 - 4*s**2 - s - 1. Let m = -8 + 5. What is c(m)?
-7
Let g(y) = 14*y**2 + 6*y - 21. Let t(a) = -a. Let c(n) = -g(n) - 5*t(n). Let u(m) = -5*m**2 + 7. Let s = 25 + -8. Let r(v) = s*u(v) - 6*c(v). Give r(5).
-2
Let b(o) = -o**2 + 2*o - 1. Let t(v) = -v**2 + 9*v - 8. Let a be t(8). Suppose a = -4*c - 3*z + z + 6, -2*c + 15 = -3*z. Calculate b(c).
-4
Suppose 21 = -6*t - 9. Let z(d) = d**3 + 11*d**2 + 7*d - 5. Let u(w) = w**3 + 12*w**2 + 7*w - 6. Let p(f) = -5*u(f) + 6*z(f). What is p(t)?
-10
Let t(h) = 6*h**2 - 46*h - 14. Let a(b) = -b**2 + 9*b + 3. Let z(m) = 11*a(m) + 2*t(m). Suppose -2*c - 3*c - 25 = 0. Calculate z(c).
-5
Let h(o) = -5*o**3 - 15*o**2 - 2*o + 19. Let i(d) = 9*d**3 + 29*d**2 + 4*d - 37. Let s(y) = -11*h(y) - 6*i(y). What is s(9)?
-5
Suppose 0 = -5*g - 10, q = -q + 5*g + 16. Let x(v) = 4 + 0*v + 3*v + q*v + v**2. Suppose 0 = -5*a - 5*o - 35, -2*a + 5*o + 6 = -1. Determine x(a).
-4
Let v(s) = s + 2. Suppose 3 + 5 = 4*o. Suppose o*m - 7 = 1. Calculate v(m).
6
Let y(f) = 102*f + f**2 - 6 - 1 - 108*f. Give y(7).
0
Let o(t) be the third derivative of t**6/120 - t*